{"id":4,"date":"2016-09-10T20:01:25","date_gmt":"2016-09-10T18:01:25","guid":{"rendered":"http:\/\/literackieprzeszpiegi.pl\/?page_id=4"},"modified":"2016-09-30T22:02:10","modified_gmt":"2016-09-30T20:02:10","slug":"szpieg-czyli","status":"publish","type":"page","link":"https:\/\/literackieprzeszpiegi.pl\/index.php\/szpieg-czyli\/","title":{"rendered":"O Szpiegu"},"content":{"rendered":"<p><strong>Kim jest Szpieg?<\/strong><\/p>\n<p>Naprawd\u0119 zwyk\u0142ym cz\u0142owiekiem.\u00a0O wykszta\u0142ceniu wszechstronnym. Pono\u0107 niez\u0142a ze mnie gadu\u0142a&#8230;<br \/>\nZdecydowanie z gatunku tych czytaj\u0105cych.<br \/>\nA nawet wi\u0119cej &#8211; nie do\u015b\u0107, \u017ce czytaj\u0105cych, to jeszcze odczuwaj\u0105cych potrzeb\u0119 podzielenia si\u0119 wra\u017ceniami po lekturze.<br \/>\nZ jakim skutkiem? Mam nadziej\u0119, \u017ce nied\u0142ugo si\u0119 przekonacie.<\/p>\n<p><strong>O blogu<\/strong><\/p>\n<p>Ten blog powsta\u0142, by poniek\u0105d ul\u017cy\u0107 moim znajomym, kt\u00f3rych zdarza mi si\u0119 regularnie n\u0119ka\u0107 monologami o moich czytelniczych fascynacjach.<br \/>\nA tak na serio &#8211; szuka\u0142am miejsca, \u017ceby m\u00f3c ponownie pisa\u0107 o tym, co lubi\u0119.\u00a0A w\u0142asny adres jest pono\u0107 najlepszy.<br \/>\nCo prawda od pomys\u0142u bloga do jego realizacji up\u0142yn\u0119\u0142o tyle czasu, \u017ce a\u017c wstyd pisa\u0107&#8230; Ale na szcz\u0119\u015bcie s\u0105 osoby, kt\u00f3re nie pozwoli\u0142y mi odpu\u015bci\u0107. I niechaj kto\u015b im wynagrodzi ten trud (niekoniecznie w ksi\u0105\u017ckach).<\/p>\n<p>&nbsp;<\/p>\n","protected":false},"excerpt":{"rendered":"<p>Kim jest Szpieg? Naprawd\u0119 zwyk\u0142ym cz\u0142owiekiem.\u00a0O wykszta\u0142ceniu wszechstronnym. Pono\u0107 niez\u0142a ze mnie gadu\u0142a&#8230; Zdecydowanie z gatunku tych czytaj\u0105cych. A nawet wi\u0119cej &#8211; nie do\u015b\u0107, \u017ce czytaj\u0105cych, to jeszcze odczuwaj\u0105cych potrzeb\u0119&hellip;<\/p>\n","protected":false},"author":1,"featured_media":0,"parent":0,"menu_order":12,"comment_status":"closed","ping_status":"closed","template":"","meta":{"om_disable_all_campaigns":false,"_exactmetrics_skip_tracking":false,"_exactmetrics_sitenote_active":false,"_exactmetrics_sitenote_note":"","_exactmetrics_sitenote_category":0,"_monsterinsights_skip_tracking":false,"_monsterinsights_sitenote_active":false,"_monsterinsights_sitenote_note":"","_monsterinsights_sitenote_category":0,"_uf_show_specific_survey":0,"_uf_disable_surveys":false,"footnotes":""},"yoast_head":"<!-- This site is optimized with the Yoast SEO plugin v22.9 - https:\/\/yoast.com\/wordpress\/plugins\/seo\/ -->\n<title>O Szpiegu - Literackie przeszpiegi<\/title>\n<meta name=\"robots\" content=\"index, follow, max-snippet:-1, max-image-preview:large, max-video-preview:-1\" \/>\n<link rel=\"canonical\" href=\"https:\/\/literackieprzeszpiegi.pl\/index.php\/szpieg-czyli\/\" \/>\n<meta property=\"og:locale\" content=\"pl_PL\" \/>\n<meta property=\"og:type\" content=\"article\" \/>\n<meta property=\"og:title\" content=\"O Szpiegu - Literackie przeszpiegi\" \/>\n<meta property=\"og:description\" content=\"Kim jest Szpieg? Naprawd\u0119 zwyk\u0142ym cz\u0142owiekiem.\u00a0O wykszta\u0142ceniu wszechstronnym. Pono\u0107 niez\u0142a ze mnie gadu\u0142a&#8230; Zdecydowanie z gatunku tych czytaj\u0105cych. A nawet wi\u0119cej &#8211; nie do\u015b\u0107, \u017ce czytaj\u0105cych, to jeszcze odczuwaj\u0105cych potrzeb\u0119&hellip;\" \/>\n<meta property=\"og:url\" content=\"https:\/\/literackieprzeszpiegi.pl\/index.php\/szpieg-czyli\/\" \/>\n<meta property=\"og:site_name\" content=\"Literackie przeszpiegi\" \/>\n<meta property=\"article:modified_time\" content=\"2016-09-30T20:02:10+00:00\" \/>\n<meta name=\"twitter:card\" content=\"summary_large_image\" \/>\n<meta name=\"twitter:label1\" content=\"Szacowany czas czytania\" \/>\n\t<meta name=\"twitter:data1\" content=\"1 minuta\" \/>\n<script type=\"application\/ld+json\" class=\"yoast-schema-graph\">{\"@context\":\"https:\/\/schema.org\",\"@graph\":[{\"@type\":\"WebPage\",\"@id\":\"https:\/\/literackieprzeszpiegi.pl\/index.php\/szpieg-czyli\/\",\"url\":\"https:\/\/literackieprzeszpiegi.pl\/index.php\/szpieg-czyli\/\",\"name\":\"O Szpiegu - Literackie przeszpiegi\",\"isPartOf\":{\"@id\":\"https:\/\/literackieprzeszpiegi.pl\/#website\"},\"datePublished\":\"2016-09-10T18:01:25+00:00\",\"dateModified\":\"2016-09-30T20:02:10+00:00\",\"breadcrumb\":{\"@id\":\"https:\/\/literackieprzeszpiegi.pl\/index.php\/szpieg-czyli\/#breadcrumb\"},\"inLanguage\":\"pl-PL\",\"potentialAction\":[{\"@type\":\"ReadAction\",\"target\":[\"https:\/\/literackieprzeszpiegi.pl\/index.php\/szpieg-czyli\/\"]}]},{\"@type\":\"BreadcrumbList\",\"@id\":\"https:\/\/literackieprzeszpiegi.pl\/index.php\/szpieg-czyli\/#breadcrumb\",\"itemListElement\":[{\"@type\":\"ListItem\",\"position\":1,\"name\":\"Home\",\"item\":\"https:\/\/literackieprzeszpiegi.pl\/\"},{\"@type\":\"ListItem\",\"position\":2,\"name\":\"O Szpiegu\"}]},{\"@type\":\"WebSite\",\"@id\":\"https:\/\/literackieprzeszpiegi.pl\/#website\",\"url\":\"https:\/\/literackieprzeszpiegi.pl\/\",\"name\":\"Literackie przeszpiegi\",\"description\":\"blog o ksi\u0105\u017ckach\",\"publisher\":{\"@id\":\"https:\/\/literackieprzeszpiegi.pl\/#organization\"},\"potentialAction\":[{\"@type\":\"SearchAction\",\"target\":{\"@type\":\"EntryPoint\",\"urlTemplate\":\"https:\/\/literackieprzeszpiegi.pl\/?s={search_term_string}\"},\"query-input\":\"required name=search_term_string\"}],\"inLanguage\":\"pl-PL\"},{\"@type\":\"Organization\",\"@id\":\"https:\/\/literackieprzeszpiegi.pl\/#organization\",\"name\":\"Literackie przeszpiegi\",\"url\":\"https:\/\/literackieprzeszpiegi.pl\/\",\"logo\":{\"@type\":\"ImageObject\",\"inLanguage\":\"pl-PL\",\"@id\":\"https:\/\/literackieprzeszpiegi.pl\/#\/schema\/logo\/image\/\",\"url\":\"https:\/\/literackieprzeszpiegi.pl\/wp-content\/uploads\/2021\/01\/cropped-cropped-Literackie-przeszpiegi-1.png\",\"contentUrl\":\"https:\/\/literackieprzeszpiegi.pl\/wp-content\/uploads\/2021\/01\/cropped-cropped-Literackie-przeszpiegi-1.png\",\"width\":499,\"height\":142,\"caption\":\"Literackie przeszpiegi\"},\"image\":{\"@id\":\"https:\/\/literackieprzeszpiegi.pl\/#\/schema\/logo\/image\/\"}}]}<\/script>\n<!-- \/ Yoast SEO plugin. -->","yoast_head_json":{"title":"O Szpiegu - Literackie przeszpiegi","robots":{"index":"index","follow":"follow","max-snippet":"max-snippet:-1","max-image-preview":"max-image-preview:large","max-video-preview":"max-video-preview:-1"},"canonical":"https:\/\/literackieprzeszpiegi.pl\/index.php\/szpieg-czyli\/","og_locale":"pl_PL","og_type":"article","og_title":"O Szpiegu - Literackie przeszpiegi","og_description":"Kim jest Szpieg? Naprawd\u0119 zwyk\u0142ym cz\u0142owiekiem.\u00a0O wykszta\u0142ceniu wszechstronnym. Pono\u0107 niez\u0142a ze mnie gadu\u0142a&#8230; Zdecydowanie z gatunku tych czytaj\u0105cych. A nawet wi\u0119cej &#8211; nie do\u015b\u0107, \u017ce czytaj\u0105cych, to jeszcze odczuwaj\u0105cych potrzeb\u0119&hellip;","og_url":"https:\/\/literackieprzeszpiegi.pl\/index.php\/szpieg-czyli\/","og_site_name":"Literackie przeszpiegi","article_modified_time":"2016-09-30T20:02:10+00:00","twitter_card":"summary_large_image","twitter_misc":{"Szacowany czas czytania":"1 minuta"},"schema":{"@context":"https:\/\/schema.org","@graph":[{"@type":"WebPage","@id":"https:\/\/literackieprzeszpiegi.pl\/index.php\/szpieg-czyli\/","url":"https:\/\/literackieprzeszpiegi.pl\/index.php\/szpieg-czyli\/","name":"O Szpiegu - Literackie przeszpiegi","isPartOf":{"@id":"https:\/\/literackieprzeszpiegi.pl\/#website"},"datePublished":"2016-09-10T18:01:25+00:00","dateModified":"2016-09-30T20:02:10+00:00","breadcrumb":{"@id":"https:\/\/literackieprzeszpiegi.pl\/index.php\/szpieg-czyli\/#breadcrumb"},"inLanguage":"pl-PL","potentialAction":[{"@type":"ReadAction","target":["https:\/\/literackieprzeszpiegi.pl\/index.php\/szpieg-czyli\/"]}]},{"@type":"BreadcrumbList","@id":"https:\/\/literackieprzeszpiegi.pl\/index.php\/szpieg-czyli\/#breadcrumb","itemListElement":[{"@type":"ListItem","position":1,"name":"Home","item":"https:\/\/literackieprzeszpiegi.pl\/"},{"@type":"ListItem","position":2,"name":"O Szpiegu"}]},{"@type":"WebSite","@id":"https:\/\/literackieprzeszpiegi.pl\/#website","url":"https:\/\/literackieprzeszpiegi.pl\/","name":"Literackie przeszpiegi","description":"blog o ksi\u0105\u017ckach","publisher":{"@id":"https:\/\/literackieprzeszpiegi.pl\/#organization"},"potentialAction":[{"@type":"SearchAction","target":{"@type":"EntryPoint","urlTemplate":"https:\/\/literackieprzeszpiegi.pl\/?s={search_term_string}"},"query-input":"required name=search_term_string"}],"inLanguage":"pl-PL"},{"@type":"Organization","@id":"https:\/\/literackieprzeszpiegi.pl\/#organization","name":"Literackie przeszpiegi","url":"https:\/\/literackieprzeszpiegi.pl\/","logo":{"@type":"ImageObject","inLanguage":"pl-PL","@id":"https:\/\/literackieprzeszpiegi.pl\/#\/schema\/logo\/image\/","url":"https:\/\/literackieprzeszpiegi.pl\/wp-content\/uploads\/2021\/01\/cropped-cropped-Literackie-przeszpiegi-1.png","contentUrl":"https:\/\/literackieprzeszpiegi.pl\/wp-content\/uploads\/2021\/01\/cropped-cropped-Literackie-przeszpiegi-1.png","width":499,"height":142,"caption":"Literackie przeszpiegi"},"image":{"@id":"https:\/\/literackieprzeszpiegi.pl\/#\/schema\/logo\/image\/"}}]}},"_links":{"self":[{"href":"https:\/\/literackieprzeszpiegi.pl\/index.php\/wp-json\/wp\/v2\/pages\/4"}],"collection":[{"href":"https:\/\/literackieprzeszpiegi.pl\/index.php\/wp-json\/wp\/v2\/pages"}],"about":[{"href":"https:\/\/literackieprzeszpiegi.pl\/index.php\/wp-json\/wp\/v2\/types\/page"}],"author":[{"embeddable":true,"href":"https:\/\/literackieprzeszpiegi.pl\/index.php\/wp-json\/wp\/v2\/users\/1"}],"replies":[{"embeddable":true,"href":"https:\/\/literackieprzeszpiegi.pl\/index.php\/wp-json\/wp\/v2\/comments?post=4"}],"version-history":[{"count":6,"href":"https:\/\/literackieprzeszpiegi.pl\/index.php\/wp-json\/wp\/v2\/pages\/4\/revisions"}],"predecessor-version":[{"id":43,"href":"https:\/\/literackieprzeszpiegi.pl\/index.php\/wp-json\/wp\/v2\/pages\/4\/revisions\/43"}],"wp:attachment":[{"href":"https:\/\/literackieprzeszpiegi.pl\/index.php\/wp-json\/wp\/v2\/media?parent=4"}],"curies":[{"name":"wp","href":"https:\/\/api.w.org\/{rel}","templated":true}]}}